{"id":7,"date":"2025-10-13T13:22:51","date_gmt":"2025-10-13T16:22:51","guid":{"rendered":"http:\/\/nasaladosprofessores.com.br\/?page_id=7"},"modified":"2025-10-13T14:05:59","modified_gmt":"2025-10-13T17:05:59","slug":"principal","status":"publish","type":"page","link":"http:\/\/www.nasaladosprofessores.com.br\/","title":{"rendered":"Principal"},"content":{"rendered":"\n<div class=\"wp-block-columns is-layout-flex wp-container-core-columns-is-layout-28f84493 wp-block-columns-is-layout-flex\">\n<div class=\"wp-block-column is-layout-flow wp-block-column-is-layout-flow\">\n<figure class=\"wp-block-image size-full\"><img loading=\"lazy\" decoding=\"async\" width=\"500\" height=\"500\" src=\"http:\/\/nasaladosprofessores.com.br\/wp-content\/uploads\/2025\/10\/Na-Sala-dos-Professores-Pod.jpg\" alt=\"\" class=\"wp-image-18\" srcset=\"http:\/\/www.nasaladosprofessores.com.br\/wp-content\/uploads\/2025\/10\/Na-Sala-dos-Professores-Pod.jpg 500w, http:\/\/www.nasaladosprofessores.com.br\/wp-content\/uploads\/2025\/10\/Na-Sala-dos-Professores-Pod-300x300.jpg 300w, http:\/\/www.nasaladosprofessores.com.br\/wp-content\/uploads\/2025\/10\/Na-Sala-dos-Professores-Pod-150x150.jpg 150w\" sizes=\"auto, (max-width: 500px) 100vw, 500px\" \/><\/figure>\n<\/div>\n\n\n\n<div class=\"wp-block-column is-layout-flow wp-block-column-is-layout-flow\">\n<p>O podcast na &#8220;Na Sala dos Professores Pod&#8221; tem como objetivo dar voz e visibilidade \u00e0s hist\u00f3rias reais de professores, compartilhando experi\u00eancias, desafios e momentos inspiradores da vida na sala de aula. Al\u00e9m, \u00e9 claro, de valorizar a profiss\u00e3o docente.<\/p>\n\n\n\n<p><\/p>\n<\/div>\n<\/div>\n\n\n\n<p>Cada epis\u00f3dio ser\u00e1 uma oportunidade de conhecer desafios, conquistas, momentos engra\u00e7ados e inspiradores vividos por professores de todo o Brasil. O podcast se prop\u00f5e a ser n\u00e3o apenas entretenimento, mas tamb\u00e9m um espa\u00e7o de reflex\u00e3o sobre o papel fundamental da educa\u00e7\u00e3o na sociedade.<\/p>\n\n\n\n<h5 class=\"wp-block-heading\"><strong>E se voc\u00ea quiser compartilhar a usa hist\u00f3ria conosco, basta enviar um e-mail para contato@nasaladosprofessores.com.br <\/strong><\/h5>\n\n\n\n<figure class=\"wp-block-embed is-type-rich is-provider-spotify wp-block-embed-spotify wp-embed-aspect-21-9 wp-has-aspect-ratio\"><div class=\"wp-block-embed__wrapper\">\n<iframe title=\"Spotify Embed: Conhe\u00e7a Na Sala dos Professores POD - TRAILER\" style=\"border-radius: 12px\" width=\"100%\" height=\"152\" frameborder=\"0\" allowfullscreen allow=\"autoplay; clipboard-write; encrypted-media; fullscreen; picture-in-picture\" loading=\"lazy\" src=\"https:\/\/open.spotify.com\/embed\/show\/0BO0X9gTttDXMFzZBd99kw?si=B1-4TevOR02qKUUhrrtKzQ&#038;utm_source=oembed\"><\/iframe>\n<\/div><\/figure>\n\n\n\n<p>O podcast<strong> Na Sala dos Professores Pod <\/strong>\u00e9 apresentado pela educadora e escritora Denise Voltolini e produzido pelo est\u00fadio Yellow House.<\/p>\n","protected":false},"excerpt":{"rendered":"<p>O podcast na &#8220;Na Sala dos Professores Pod&#8221; tem como objetivo dar voz e visibilidade \u00e0s hist\u00f3rias reais de professores, compartilhando experi\u00eancias, desafios e momentos inspiradores da vida na sala de aula. Al\u00e9m, \u00e9 claro, de valorizar a profiss\u00e3o docente. Cada epis\u00f3dio ser\u00e1 uma oportunidade de conhecer desafios, conquistas, momentos engra\u00e7ados e inspiradores vividos por [&hellip;]<\/p>\n","protected":false},"author":1,"featured_media":0,"parent":0,"menu_order":0,"comment_status":"closed","ping_status":"closed","template":"page-no-title","meta":{"footnotes":""},"class_list":["post-7","page","type-page","status-publish","hentry"],"yoast_head":"<!-- This site is optimized with the Yoast SEO plugin v25.9 - https:\/\/yoast.com\/wordpress\/plugins\/seo\/ -->\n<title>Principal - Na Sala dos Professores<\/title>\n<meta name=\"robots\" content=\"index, follow, max-snippet:-1, max-image-preview:large, max-video-preview:-1\" \/>\n<link rel=\"canonical\" href=\"http:\/\/www.nasaladosprofessores.com.br\/\" \/>\n<meta property=\"og:locale\" content=\"pt_BR\" \/>\n<meta property=\"og:type\" content=\"article\" \/>\n<meta property=\"og:title\" content=\"Principal - Na Sala dos Professores\" \/>\n<meta property=\"og:description\" content=\"O podcast na &#8220;Na Sala dos Professores Pod&#8221; tem como objetivo dar voz e visibilidade \u00e0s hist\u00f3rias reais de professores, compartilhando experi\u00eancias, desafios e momentos inspiradores da vida na sala de aula. Al\u00e9m, \u00e9 claro, de valorizar a profiss\u00e3o docente. Cada epis\u00f3dio ser\u00e1 uma oportunidade de conhecer desafios, conquistas, momentos engra\u00e7ados e inspiradores vividos por [&hellip;]\" \/>\n<meta property=\"og:url\" content=\"http:\/\/www.nasaladosprofessores.com.br\/\" \/>\n<meta property=\"og:site_name\" content=\"Na Sala dos Professores\" \/>\n<meta property=\"article:modified_time\" content=\"2025-10-13T17:05:59+00:00\" \/>\n<meta property=\"og:image\" content=\"http:\/\/nasaladosprofessores.com.br\/wp-content\/uploads\/2025\/10\/Na-Sala-dos-Professores-Pod.jpg\" \/>\n<meta name=\"twitter:card\" content=\"summary_large_image\" \/>\n<meta name=\"twitter:label1\" content=\"Est. tempo de leitura\" \/>\n\t<meta name=\"twitter:data1\" content=\"1 minuto\" \/>\n<script type=\"application\/ld+json\" class=\"yoast-schema-graph\">{\"@context\":\"https:\/\/schema.org\",\"@graph\":[{\"@type\":\"WebPage\",\"@id\":\"http:\/\/www.nasaladosprofessores.com.br\/\",\"url\":\"http:\/\/www.nasaladosprofessores.com.br\/\",\"name\":\"Principal - Na Sala dos Professores\",\"isPartOf\":{\"@id\":\"http:\/\/www.nasaladosprofessores.com.br\/#website\"},\"primaryImageOfPage\":{\"@id\":\"http:\/\/www.nasaladosprofessores.com.br\/#primaryimage\"},\"image\":{\"@id\":\"http:\/\/www.nasaladosprofessores.com.br\/#primaryimage\"},\"thumbnailUrl\":\"http:\/\/nasaladosprofessores.com.br\/wp-content\/uploads\/2025\/10\/Na-Sala-dos-Professores-Pod.jpg\",\"datePublished\":\"2025-10-13T16:22:51+00:00\",\"dateModified\":\"2025-10-13T17:05:59+00:00\",\"breadcrumb\":{\"@id\":\"http:\/\/www.nasaladosprofessores.com.br\/#breadcrumb\"},\"inLanguage\":\"pt-BR\",\"potentialAction\":[{\"@type\":\"ReadAction\",\"target\":[\"http:\/\/www.nasaladosprofessores.com.br\/\"]}]},{\"@type\":\"ImageObject\",\"inLanguage\":\"pt-BR\",\"@id\":\"http:\/\/www.nasaladosprofessores.com.br\/#primaryimage\",\"url\":\"http:\/\/nasaladosprofessores.com.br\/wp-content\/uploads\/2025\/10\/Na-Sala-dos-Professores-Pod.jpg\",\"contentUrl\":\"http:\/\/nasaladosprofessores.com.br\/wp-content\/uploads\/2025\/10\/Na-Sala-dos-Professores-Pod.jpg\"},{\"@type\":\"BreadcrumbList\",\"@id\":\"http:\/\/www.nasaladosprofessores.com.br\/#breadcrumb\",\"itemListElement\":[{\"@type\":\"ListItem\",\"position\":1,\"name\":\"Home\",\"item\":\"http:\/\/www.nasaladosprofessores.com.br\/\"},{\"@type\":\"ListItem\",\"position\":2,\"name\":\"Principal\"}]},{\"@type\":\"WebSite\",\"@id\":\"http:\/\/www.nasaladosprofessores.com.br\/#website\",\"url\":\"http:\/\/www.nasaladosprofessores.com.br\/\",\"name\":\"Na Sala dos Professores\",\"description\":\"Seu espa\u00e7o para falar tudo, tudo sobre educa\u00e7\u00e3o\",\"publisher\":{\"@id\":\"http:\/\/www.nasaladosprofessores.com.br\/#organization\"},\"potentialAction\":[{\"@type\":\"SearchAction\",\"target\":{\"@type\":\"EntryPoint\",\"urlTemplate\":\"http:\/\/www.nasaladosprofessores.com.br\/?s={search_term_string}\"},\"query-input\":{\"@type\":\"PropertyValueSpecification\",\"valueRequired\":true,\"valueName\":\"search_term_string\"}}],\"inLanguage\":\"pt-BR\"},{\"@type\":\"Organization\",\"@id\":\"http:\/\/www.nasaladosprofessores.com.br\/#organization\",\"name\":\"Na Sala dos Professores\",\"url\":\"http:\/\/www.nasaladosprofessores.com.br\/\",\"logo\":{\"@type\":\"ImageObject\",\"inLanguage\":\"pt-BR\",\"@id\":\"http:\/\/www.nasaladosprofessores.com.br\/#\/schema\/logo\/image\/\",\"url\":\"http:\/\/www.nasaladosprofessores.com.br\/wp-content\/uploads\/2025\/10\/cropped-logo-nsp.jpeg\",\"contentUrl\":\"http:\/\/www.nasaladosprofessores.com.br\/wp-content\/uploads\/2025\/10\/cropped-logo-nsp.jpeg\",\"width\":512,\"height\":512,\"caption\":\"Na Sala dos Professores\"},\"image\":{\"@id\":\"http:\/\/www.nasaladosprofessores.com.br\/#\/schema\/logo\/image\/\"}}]}<\/script>\n<!-- \/ Yoast SEO plugin. -->","yoast_head_json":{"title":"Principal - Na Sala dos Professores","robots":{"index":"index","follow":"follow","max-snippet":"max-snippet:-1","max-image-preview":"max-image-preview:large","max-video-preview":"max-video-preview:-1"},"canonical":"http:\/\/www.nasaladosprofessores.com.br\/","og_locale":"pt_BR","og_type":"article","og_title":"Principal - Na Sala dos Professores","og_description":"O podcast na &#8220;Na Sala dos Professores Pod&#8221; tem como objetivo dar voz e visibilidade \u00e0s hist\u00f3rias reais de professores, compartilhando experi\u00eancias, desafios e momentos inspiradores da vida na sala de aula. Al\u00e9m, \u00e9 claro, de valorizar a profiss\u00e3o docente. Cada epis\u00f3dio ser\u00e1 uma oportunidade de conhecer desafios, conquistas, momentos engra\u00e7ados e inspiradores vividos por [&hellip;]","og_url":"http:\/\/www.nasaladosprofessores.com.br\/","og_site_name":"Na Sala dos Professores","article_modified_time":"2025-10-13T17:05:59+00:00","og_image":[{"url":"http:\/\/nasaladosprofessores.com.br\/wp-content\/uploads\/2025\/10\/Na-Sala-dos-Professores-Pod.jpg","type":"","width":"","height":""}],"twitter_card":"summary_large_image","twitter_misc":{"Est. tempo de leitura":"1 minuto"},"schema":{"@context":"https:\/\/schema.org","@graph":[{"@type":"WebPage","@id":"http:\/\/www.nasaladosprofessores.com.br\/","url":"http:\/\/www.nasaladosprofessores.com.br\/","name":"Principal - Na Sala dos Professores","isPartOf":{"@id":"http:\/\/www.nasaladosprofessores.com.br\/#website"},"primaryImageOfPage":{"@id":"http:\/\/www.nasaladosprofessores.com.br\/#primaryimage"},"image":{"@id":"http:\/\/www.nasaladosprofessores.com.br\/#primaryimage"},"thumbnailUrl":"http:\/\/nasaladosprofessores.com.br\/wp-content\/uploads\/2025\/10\/Na-Sala-dos-Professores-Pod.jpg","datePublished":"2025-10-13T16:22:51+00:00","dateModified":"2025-10-13T17:05:59+00:00","breadcrumb":{"@id":"http:\/\/www.nasaladosprofessores.com.br\/#breadcrumb"},"inLanguage":"pt-BR","potentialAction":[{"@type":"ReadAction","target":["http:\/\/www.nasaladosprofessores.com.br\/"]}]},{"@type":"ImageObject","inLanguage":"pt-BR","@id":"http:\/\/www.nasaladosprofessores.com.br\/#primaryimage","url":"http:\/\/nasaladosprofessores.com.br\/wp-content\/uploads\/2025\/10\/Na-Sala-dos-Professores-Pod.jpg","contentUrl":"http:\/\/nasaladosprofessores.com.br\/wp-content\/uploads\/2025\/10\/Na-Sala-dos-Professores-Pod.jpg"},{"@type":"BreadcrumbList","@id":"http:\/\/www.nasaladosprofessores.com.br\/#breadcrumb","itemListElement":[{"@type":"ListItem","position":1,"name":"Home","item":"http:\/\/www.nasaladosprofessores.com.br\/"},{"@type":"ListItem","position":2,"name":"Principal"}]},{"@type":"WebSite","@id":"http:\/\/www.nasaladosprofessores.com.br\/#website","url":"http:\/\/www.nasaladosprofessores.com.br\/","name":"Na Sala dos Professores","description":"Seu espa\u00e7o para falar tudo, tudo sobre educa\u00e7\u00e3o","publisher":{"@id":"http:\/\/www.nasaladosprofessores.com.br\/#organization"},"potentialAction":[{"@type":"SearchAction","target":{"@type":"EntryPoint","urlTemplate":"http:\/\/www.nasaladosprofessores.com.br\/?s={search_term_string}"},"query-input":{"@type":"PropertyValueSpecification","valueRequired":true,"valueName":"search_term_string"}}],"inLanguage":"pt-BR"},{"@type":"Organization","@id":"http:\/\/www.nasaladosprofessores.com.br\/#organization","name":"Na Sala dos Professores","url":"http:\/\/www.nasaladosprofessores.com.br\/","logo":{"@type":"ImageObject","inLanguage":"pt-BR","@id":"http:\/\/www.nasaladosprofessores.com.br\/#\/schema\/logo\/image\/","url":"http:\/\/www.nasaladosprofessores.com.br\/wp-content\/uploads\/2025\/10\/cropped-logo-nsp.jpeg","contentUrl":"http:\/\/www.nasaladosprofessores.com.br\/wp-content\/uploads\/2025\/10\/cropped-logo-nsp.jpeg","width":512,"height":512,"caption":"Na Sala dos Professores"},"image":{"@id":"http:\/\/www.nasaladosprofessores.com.br\/#\/schema\/logo\/image\/"}}]}},"_links":{"self":[{"href":"http:\/\/www.nasaladosprofessores.com.br\/index.php\/wp-json\/wp\/v2\/pages\/7","targetHints":{"allow":["GET"]}}],"collection":[{"href":"http:\/\/www.nasaladosprofessores.com.br\/index.php\/wp-json\/wp\/v2\/pages"}],"about":[{"href":"http:\/\/www.nasaladosprofessores.com.br\/index.php\/wp-json\/wp\/v2\/types\/page"}],"author":[{"embeddable":true,"href":"http:\/\/www.nasaladosprofessores.com.br\/index.php\/wp-json\/wp\/v2\/users\/1"}],"replies":[{"embeddable":true,"href":"http:\/\/www.nasaladosprofessores.com.br\/index.php\/wp-json\/wp\/v2\/comments?post=7"}],"version-history":[{"count":7,"href":"http:\/\/www.nasaladosprofessores.com.br\/index.php\/wp-json\/wp\/v2\/pages\/7\/revisions"}],"predecessor-version":[{"id":22,"href":"http:\/\/www.nasaladosprofessores.com.br\/index.php\/wp-json\/wp\/v2\/pages\/7\/revisions\/22"}],"wp:attachment":[{"href":"http:\/\/www.nasaladosprofessores.com.br\/index.php\/wp-json\/wp\/v2\/media?parent=7"}],"curies":[{"name":"wp","href":"https:\/\/api.w.org\/{rel}","templated":true}]}}